emainder when k is divided by 14.
5
Suppose -14*t = -7*t - 84. Calculate the remainder when 46 is divided by t.
10
Suppose -r + 5 = 1, 2*r = -5*d + 18. Suppose -1 = u - 3. Suppose 0 = -7*l + u*l - 2*j + 18, -l - 1 = 5*j. Calculate the remainder when l is divided by d.
0
Let z be (-12)/(-18) - (-14)/(-3). What is the remainder when (-8 - 14)*6/z is divided by 17?
16
Let f = 115 + -67. What is the remainder when f is divided by 5?
3
Suppose -5*a = 5*m - 35, -2*a + 5*m + 6 = -8. Let i(b) = 6*b**2. Let c be i(-2). Let h = c - a. What is the remainder when h is divided by 6?
5
Suppose -4*a = -r + 3, r + 6*a - 2*a + 13 = 0. What is the remainder when r/15*(2 - 101) is divided by (-116)/(-12) - (-2)/(-3)?
6
Let m be 3 + (-2)/6*0. Suppose 16 = u + m. Calculate the remainder when 37 is divided by u.
11
Let j(q) = -q - 27. Let p(o) = -9. Let n(l) = -2*j(l) + 7*p(l). Calculate the remainder when 7 is divided by n(7).
2
Suppose -m = -4*d + 16 + 8, d = 1. What is the remainder when 70*((-8)/m + 0) is divided by 8?
4
Suppose 5*z - 61 = -2*q, -3*z + 27 = -q - q. Let r = 26 + z. Let c = 23 + -10. What is the remainder when r is divided by c?
11
Calculate the remainder when 5 + -2 - (11 - 40) is divided by 12.
8
Let h(y) = -y**2 + 7*y + 9. Let s be h(7). Suppose -3*k = 4*i - 4 - 20, 3*i = -s. Let z(b) = 8*b**3 - b. Calculate the remainder when k is divided by z(1).
5
Suppose 49 = 2*u + k, 5*k = 3*k - 6. Suppose 4*p = -8, -9 = 4*m + 2*p - 61. Calculate the remainder when u is divided by m.
12
Let r = -6 - -7. Suppose r + 4 = -q. Let t(x) = -x**3 - 4*x**2 + 5*x + 4. What is the remainder when 10 is divided by t(q)?
2
Let q = -35 + 51. What is the remainder when 29 is divided by q?
13
Let d(v) = v**2 + 5*v - 1. What is the remainder when 24 is divided by d(2)?
11
What is the remainder when 71 is divided by ((-3)/24*-4)/((-2)/(-152))?
33
Let u(g) = 8 - 4*g + 1 + 3*g. Let r be u(6). Calculate the remainder when 24 is divided by 26/r*(-12)/(-8).
11
Suppose 0 = -3*l - 2*l + 250. Calculate the remainder when l is divided by 9.
5
Let z(s) = 19*s**2 + 2. Let p(m) = m - 1. Let w be p(5). Suppose -3*i = 3*v + 2*v - 299, 297 = 5*v + w*i. What is the remainder when v is divided by z(1)?
19
Let l(v) = 3*v + 6 - 1 + 0 + 5*v. Let u be l(9). Suppose 48 + u = 5*s. What is the remainder when s is divided by 14?
11
Let i(d) = -11*d**2 - 11*d - 14. Let p(c) = -5*c**2 - 5*c - 7. Let w(a) = 6*i(a) - 13*p(a). What is the remainder when 20 is divided by w(0)?
6
Let l be (-2)/(-4) + 14/4. Suppose l*k - 2*k = 66. Suppose 5*z - 95 = 2*q, 5*z + 3*q + 2*q - 60 = 0. Calculate the remainder when k is divided by z.
16
What is the remainder when 113 is divided by (-59)/(-2) + (-2)/4?
26
Suppose 2*f + 6*f - 600 = 0. What is the remainder when f is divided by 13?
10
Let d = -88 - -128. Calculate the remainder when 118 is divided by d.
38
Let x = 7 - -18. Let u = 26 - 17. Calculate the remainder when x is divided by u.
7
Let u be (-2)/(1/(4/(-2))). Suppose -u*n + 5*k - 14 = -48, 3*k = 2*n - 16. Calculate the remainder when n is divided by 5.
1
Let j(z) = z + 16. Let v be j(0). Suppose 0 = 5*l - 2*a + 5*a - 25, 0 = 2*a. What is the remainder when 39 is divided by l + -7 - -1*v?
11
Calculate the remainder when 104 is divided by (-4)/16 - 141/(-4).
34
Suppose r - 2*l - 86 = 0, -289 = -5*r + 5*l + 126. Suppose 4*y - 96 = 12. Calculate the remainder when r is divided by y.
26
Let s(k) = k**2 + 5*k - 5. Let w be s(-6). Suppose j - 3 = -3*h, -4*j - 2*h = -3*j - 8. Calculate the remainder when ((-153)/(-6))/(w/2) is divided by j.
15
Suppose 9*j + 8 = 13*j. Suppose -4*u - c - c = -238, u - j*c - 52 = 0. Let f(i) = -i**3 + 8*i**2 - 6*i + 8. What is the remainder when u is divided by f(7)?
13
What is the remainder when 44 is divided by 8/6 + (-192)/(-18)?
8
Let u(x) = x - 1. Let j be u(6). Suppose -2*w = 4*m - 32, -m - 15 = -j*w + 76. What is the remainder when 53 is divided by w?
17
Let t(w) = -5*w + 0 + 1 + 5. Suppose 5*v - 64 = -9. What is the remainder when t(-5) is divided by v?
9
Let s = -5 + -11. Let t = 17 + s. Calculate the remainder when t is divided by 1.
0
Let d = -6 + 10. Let n be (-8)/(-5) + d/10. Suppose 2*j + 3*y - 38 = 0, n*j - 28 = -2*y + 12. What is the remainder when j is divided by 12?
10
Suppose -4*q + 2*q = -12. What is the remainder when 11 is divided by q?
5
Let s(q) = q**3 - 8*q**2 - 7*q - 3. Let i be 30/4*(-12)/(-10). Suppose -10 = -4*k + 6*k, 2*t - 66 = -4*k. Calculate the remainder when t is divided by s(i).
13
Suppose -11*m = -6*m - 20. Suppose m*h - 14 = 6. Calculate the remainder when 8 is divided by h.
3
Let r(n) = -11*n**3 + 17*n**2 + 6*n + 9. Let z(w) = 4*w**3 - 6*w**2 - 2*w - 3. Let d(v) = 3*r(v) + 8*z(v). What is the remainder when 25 is divided by d(3)?
7
Suppose -3*c = -45 - 57. Let s = 1 + -5. What is the remainder when c is divided by (-1)/s - 188/(-16)?
10
Let t = -6 + 12. Suppose -170 - t = -5*m + v, 75 = 2*m - 5*v. Let c(o) = -20*o**3 + o. Calculate the remainder when m is divided by c(-1).
16
Let h be (-360)/(-21) - 2/14. Let f = 53 + -25. What is the remainder when f is divided by h + (-6)/2 + 1?
13
Let r be 21/(0 - (-3)/4). Suppose -s + r = 4*i - 0, 0 = 4*s - 5*i - 70. What is the remainder when s is divided by 11?
9
Let g be (-21)/2*48/(-36). Let n = g + -2. What is the remainder when n is divided by 8?
4
Suppose -b + 4 + 0 = 0. Calculate the remainder when 8 is divided by 18/4*b/6.
2
Let j(k) = 2*k - 9. Suppose -5*o + 28 + 2 = 0. Let d be j(o). Suppose 4 = -2*x + 4*r, -4*x + 5*x = -d*r + 13. Calculate the remainder when 15 is divided by x.
3
Let b = -44 - -73. Calculate the remainder when b is divided by 42/4 - (-1)/(-2).
9
Let k(d) = d**3 - 6*d**2 + d + 3. Let y be k(4). Let u = -11 - y. Let a = u + -6. What is the remainder when 14 is divided by a?
6
Let w be (3/(-6))/(1/(-6)). Suppose w*a = 31 + 2. Suppose -2*d + 3*c - 2 + 11 = 0, -3*c = 4*d - 27. What is the remainder when a is divided by d?
5
What is the remainder when 49 is divided by (-5 + 4)/(3/(-39))?
10
Let m = 8 - 4. Suppose 3*h = m*q - 28, -3*q + 3*h + 22 = h. Suppose q = -0*i + 5*i. What is the remainder when 4 is divided by i?
0
Suppose -5*m = -5*t - 15, 9 = 4*m - 4*t + 3*t. What is the remainder when m is divided by 4/26 - 22/(-26)?
0
Let y = -6 - -16. Calculate the remainder when y is divided by 4.
2
Let m = -139 - -234. Let u(q) = q + 4. Let s be u(0). Suppose 51 = 4*t + 4*k - 29, 5*t - m = -s*k. What is the remainder when t is divided by 8?
7
Let d = 60 + -42. Let x = d + -10. What is the remainder when 30 is divided by x?
6
Suppose -y = 5*o + 3*y - 88, -y + 37 = 2*o. Calculate the remainder when o is divided by 11.
9
Let t(c) = -3*c - 3. Let o be t(4). Let p = -5 - o. Calculate the remainder when p is divided by 4.
2
Let z(k) = -k**2 + 10*k - 7. Calculate the remainder when 3 is divided by z(9).
1
Let x(w) = 51*w. Let y be x(1). Suppose -3*n + 89 = 2*n - 3*o, o + y = 3*n. Calculate the remainder when (2 + 205/15)*(1 + 2) is divided by n.
15
Let j(x) = x**3 - 6*x**2 + 3*x + 8. Let i = 17 + -11. Calculate the remainder when j(i) is divided by 6 - (16/(-4) - -1).
8
Suppose -17*d + 20*d = 240. What is the remainder when d is divided by 9?
8
Suppose 3*d - 4*j - 8 = 0, -2*d - 3*j + 1 + 10 = 0. What is the remainder when 341/7 - d/(-14) is divided by (-2)/6 + (-120)/(-9)?
10
Let v be (-198)/(-45) + (-2)/5. Suppose -v*n - 5*a + 83 - 14 = 0, 5*a + 59 = 4*n. What is the remainder when n is divided by 9?
7
Suppose 0 = 2*h - 4*c - 24, 6*h - h + c - 71 = 0. What is the remainder when 40 is divided by h?
12
Let n = 5 - -9. Calculate the remainder when n is divided by 9.
5
Suppose 18*z = 15*z + 78. Calculate the remainder when z is divided by (-1 + 0)*-2*7.
12
Let x(b) = 18*b**3 + b + 2*b - b - 1 - 3*b**2. Let o be x(2). Let v = o + -82. Calculate the remainder when v is divided by 14.
11
Suppose 2*i - 51 = -9. Suppose -3*o - 34 = 2*q, 4*q + 39 + i = -5*o. Let c = o + 12. What is the remainder when c is divided by 3?
1
Suppose 2*y + 2*y = -z + 61, 0 = -y + z + 9. Suppose 2*u + 0 = y. What is the remainder when 20 is divided by u?
6
Let z = -4 + 9. Suppose -z*b = -58 - 17. Let o = 49 + -41. Calculate the remainder when b is divided by o.
7
Let o(x) = 3*x**2 - 1. Suppose r = -3*y - 5, 3*r = -2*y - 2*y. 